{"id":57,"date":"2020-06-25T19:47:15","date_gmt":"2020-06-25T19:47:15","guid":{"rendered":"http:\/\/www.baumbiologie.com\/?page_id=57"},"modified":"2020-11-20T13:49:20","modified_gmt":"2020-11-20T13:49:20","slug":"forschung","status":"publish","type":"page","link":"https:\/\/www.baumbiologie.com\/?page_id=57","title":{"rendered":"Forschung"},"content":{"rendered":"\n<figure class=\"wp-block-gallery columns-3 is-cropped wp-block-gallery-1 is-layout-flex wp-block-gallery-is-layout-flex\"><ul class=\"blocks-gallery-grid\"><li class=\"blocks-gallery-item\"><figure><img fetchpriority=\"high\" decoding=\"async\" width=\"1024\" height=\"764\" src=\"https:\/\/www.baumbiologie.com\/wp-content\/uploads\/2020\/07\/WP_20160505_11_21_02_Pro-1024x764.jpg\" alt=\"\" data-id=\"1777\" data-full-url=\"https:\/\/www.baumbiologie.com\/wp-content\/uploads\/2020\/07\/WP_20160505_11_21_02_Pro.jpg\" data-link=\"https:\/\/www.baumbiologie.com\/?attachment_id=1777\" class=\"wp-image-1777\" srcset=\"https:\/\/www.baumbiologie.com\/wp-content\/uploads\/2020\/07\/WP_20160505_11_21_02_Pro-1024x764.jpg 1024w, https:\/\/www.baumbiologie.com\/wp-content\/uploads\/2020\/07\/WP_20160505_11_21_02_Pro-300x224.jpg 300w, https:\/\/www.baumbiologie.com\/wp-content\/uploads\/2020\/07\/WP_20160505_11_21_02_Pro-768x573.jpg 768w, https:\/\/www.baumbiologie.com\/wp-content\/uploads\/2020\/07\/WP_20160505_11_21_02_Pro-1536x1146.jpg 1536w, https:\/\/www.baumbiologie.com\/wp-content\/uploads\/2020\/07\/WP_20160505_11_21_02_Pro.jpg 1632w\" sizes=\"(max-width: 1024px) 100vw, 1024px\" \/><\/figure><\/li><li class=\"blocks-gallery-item\"><figure><img decoding=\"async\" width=\"1024\" height=\"768\" data-src=\"https:\/\/www.baumbiologie.com\/wp-content\/uploads\/2020\/07\/20200622_105253-1-1024x768.jpg\" alt=\"\" data-id=\"1747\" data-full-url=\"https:\/\/www.baumbiologie.com\/wp-content\/uploads\/2020\/07\/20200622_105253-1-scaled.jpg\" data-link=\"https:\/\/www.baumbiologie.com\/?attachment_id=1747\" class=\"wp-image-1747 lazyload\" data-srcset=\"https:\/\/www.baumbiologie.com\/wp-content\/uploads\/2020\/07\/20200622_105253-1-1024x768.jpg 1024w, https:\/\/www.baumbiologie.com\/wp-content\/uploads\/2020\/07\/20200622_105253-1-300x225.jpg 300w, https:\/\/www.baumbiologie.com\/wp-content\/uploads\/2020\/07\/20200622_105253-1-768x576.jpg 768w, https:\/\/www.baumbiologie.com\/wp-content\/uploads\/2020\/07\/20200622_105253-1-1536x1152.jpg 1536w, https:\/\/www.baumbiologie.com\/wp-content\/uploads\/2020\/07\/20200622_105253-1-2048x1536.jpg 2048w\" data-sizes=\"(max-width: 1024px) 100vw, 1024px\" src=\"data:image\/svg+xml;base64,PHN2ZyB3aWR0aD0iMSIgaGVpZ2h0PSIxIiB4bWxucz0iaHR0cDovL3d3dy53My5vcmcvMjAwMC9zdmciPjwvc3ZnPg==\" style=\"--smush-placeholder-width: 1024px; --smush-placeholder-aspect-ratio: 1024\/768;\" \/><\/figure><\/li><li class=\"blocks-gallery-item\"><figure><img decoding=\"async\" width=\"1024\" height=\"768\" data-src=\"https:\/\/www.baumbiologie.com\/wp-content\/uploads\/2020\/07\/Blatternte-1024x768.jpg\" alt=\"\" data-id=\"1780\" data-full-url=\"https:\/\/www.baumbiologie.com\/wp-content\/uploads\/2020\/07\/Blatternte-scaled.jpg\" data-link=\"https:\/\/www.baumbiologie.com\/?attachment_id=1780\" class=\"wp-image-1780 lazyload\" data-srcset=\"https:\/\/www.baumbiologie.com\/wp-content\/uploads\/2020\/07\/Blatternte-1024x768.jpg 1024w, https:\/\/www.baumbiologie.com\/wp-content\/uploads\/2020\/07\/Blatternte-300x225.jpg 300w, https:\/\/www.baumbiologie.com\/wp-content\/uploads\/2020\/07\/Blatternte-768x576.jpg 768w, https:\/\/www.baumbiologie.com\/wp-content\/uploads\/2020\/07\/Blatternte-1536x1152.jpg 1536w, https:\/\/www.baumbiologie.com\/wp-content\/uploads\/2020\/07\/Blatternte-2048x1536.jpg 2048w\" data-sizes=\"(max-width: 1024px) 100vw, 1024px\" src=\"data:image\/svg+xml;base64,PHN2ZyB3aWR0aD0iMSIgaGVpZ2h0PSIxIiB4bWxucz0iaHR0cDovL3d3dy53My5vcmcvMjAwMC9zdmciPjwvc3ZnPg==\" style=\"--smush-placeholder-width: 1024px; --smush-placeholder-aspect-ratio: 1024\/768;\" \/><\/figure><\/li><\/ul><\/figure>\n\n\n\n<p>Um die vielf\u00e4ltigen Funktionen von B\u00e4umen in Zukunft zu erhalten, ist Forschung an Einzelb\u00e4umen im urbanen Raum und im Wald essentiell. Sowohl bei der Planung als auch bei der Durchf\u00fchrung von Forschungsvorhaben bietet das Sachverst\u00e4ndigenb\u00fcro f\u00fcr Baumbiologie Unterst\u00fctzung an. Durch ein Jahrzehnt <a href=\"https:\/\/www.baumbiologie.com\/?page_id=111\">Forschungserfahrung<\/a> an B\u00e4umen, vom S\u00e4mling bis hin zum Altbaum und von der Wurzel bis zum Wipfel, k\u00f6nnen sehr viele <a href=\"https:\/\/www.baumbiologie.com\/?page_id=49\">Fragestellungen <\/a>bearbeitet werden. Schwerpunkt sind Methoden, die mit Hilfe von <a href=\"https:\/\/www.baumbiologie.com\/?page_id=45\">Seilklettertechnik <\/a>im gesamten Kronenbereich ausgef\u00fchrt werden. Auch ohne den Einsatz einer Hubarbeitsb\u00fchne k\u00f6nnen so Proben genommen oder Messungen durchgef\u00fchrt werden.<\/p>\n\n\n\n<p>Bitte <a href=\"https:\/\/www.baumbiologie.com\/?page_id=100\">kontaktieren <\/a>Sie mich, um f\u00fcr Ihr Vorhaben die optimale L\u00f6sung zu finden.<\/p>\n","protected":false},"excerpt":{"rendered":"<p>Um die vielf\u00e4ltigen Funktionen von B\u00e4umen in Zukunft zu erhalten, ist Forschung an Einzelb\u00e4umen im urbanen Raum und im Wald &hellip; <\/p>\n","protected":false},"author":1,"featured_media":0,"parent":0,"menu_order":0,"comment_status":"closed","ping_status":"closed","template":"","meta":{"_monsterinsights_skip_tracking":false,"_monsterinsights_sitenote_active":false,"_monsterinsights_sitenote_note":"","_monsterinsights_sitenote_category":0,"footnotes":""},"class_list":["post-57","page","type-page","status-publish","hentry"],"yoast_head":"<!-- This site is optimized with the Yoast SEO plugin v27.4 - https:\/\/yoast.com\/product\/yoast-seo-wordpress\/ -->\n<title>Forschung - Sachverst\u00e4ndigenb\u00fcro f\u00fcr Baumbiologie<\/title>\n<meta name=\"description\" content=\"Forschungsdienstleistungen rund um den Baum: Messen - Beproben - Analysieren. Vom Boden aus und mit Seilklettertechnik\" \/>\n<meta name=\"robots\" content=\"index, follow, max-snippet:-1, max-image-preview:large, max-video-preview:-1\" \/>\n<link rel=\"canonical\" href=\"https:\/\/www.baumbiologie.com\/?page_id=57\" \/>\n<meta property=\"og:locale\" content=\"de_DE\" \/>\n<meta property=\"og:type\" content=\"article\" \/>\n<meta property=\"og:title\" content=\"Forschung - Sachverst\u00e4ndigenb\u00fcro f\u00fcr Baumbiologie\" \/>\n<meta property=\"og:description\" content=\"Forschungsdienstleistungen rund um den Baum: Messen - Beproben - Analysieren. Vom Boden aus und mit Seilklettertechnik\" \/>\n<meta property=\"og:url\" content=\"https:\/\/www.baumbiologie.com\/?page_id=57\" \/>\n<meta property=\"og:site_name\" content=\"Sachverst\u00e4ndigenb\u00fcro f\u00fcr Baumbiologie\" \/>\n<meta property=\"article:modified_time\" content=\"2020-11-20T13:49:20+00:00\" \/>\n<meta property=\"og:image\" content=\"https:\/\/www.baumbiologie.com\/wp-content\/uploads\/2020\/07\/WP_20160505_11_21_02_Pro-1024x764.jpg\" \/>\n<meta name=\"twitter:card\" content=\"summary_large_image\" \/>\n<meta name=\"twitter:label1\" content=\"Gesch\u00e4tzte Lesezeit\" \/>\n\t<meta name=\"twitter:data1\" content=\"1\u00a0Minute\" \/>\n<script type=\"application\/ld+json\" class=\"yoast-schema-graph\">{\"@context\":\"https:\\\/\\\/schema.org\",\"@graph\":[{\"@type\":\"WebPage\",\"@id\":\"https:\\\/\\\/www.baumbiologie.com\\\/?page_id=57\",\"url\":\"https:\\\/\\\/www.baumbiologie.com\\\/?page_id=57\",\"name\":\"Forschung - Sachverst\u00e4ndigenb\u00fcro f\u00fcr Baumbiologie\",\"isPartOf\":{\"@id\":\"https:\\\/\\\/www.baumbiologie.com\\\/#website\"},\"primaryImageOfPage\":{\"@id\":\"https:\\\/\\\/www.baumbiologie.com\\\/?page_id=57#primaryimage\"},\"image\":{\"@id\":\"https:\\\/\\\/www.baumbiologie.com\\\/?page_id=57#primaryimage\"},\"thumbnailUrl\":\"https:\\\/\\\/www.baumbiologie.com\\\/wp-content\\\/uploads\\\/2020\\\/07\\\/WP_20160505_11_21_02_Pro-1024x764.jpg\",\"datePublished\":\"2020-06-25T19:47:15+00:00\",\"dateModified\":\"2020-11-20T13:49:20+00:00\",\"description\":\"Forschungsdienstleistungen rund um den Baum: Messen - Beproben - Analysieren. Vom Boden aus und mit Seilklettertechnik\",\"breadcrumb\":{\"@id\":\"https:\\\/\\\/www.baumbiologie.com\\\/?page_id=57#breadcrumb\"},\"inLanguage\":\"de\",\"potentialAction\":[{\"@type\":\"ReadAction\",\"target\":[\"https:\\\/\\\/www.baumbiologie.com\\\/?page_id=57\"]}]},{\"@type\":\"ImageObject\",\"inLanguage\":\"de\",\"@id\":\"https:\\\/\\\/www.baumbiologie.com\\\/?page_id=57#primaryimage\",\"url\":\"https:\\\/\\\/www.baumbiologie.com\\\/wp-content\\\/uploads\\\/2020\\\/07\\\/WP_20160505_11_21_02_Pro.jpg\",\"contentUrl\":\"https:\\\/\\\/www.baumbiologie.com\\\/wp-content\\\/uploads\\\/2020\\\/07\\\/WP_20160505_11_21_02_Pro.jpg\",\"width\":1632,\"height\":1218,\"caption\":\"Sensor Ultraschallemissionsanalyse\"},{\"@type\":\"BreadcrumbList\",\"@id\":\"https:\\\/\\\/www.baumbiologie.com\\\/?page_id=57#breadcrumb\",\"itemListElement\":[{\"@type\":\"ListItem\",\"position\":1,\"name\":\"Startseite\",\"item\":\"https:\\\/\\\/www.baumbiologie.com\\\/\"},{\"@type\":\"ListItem\",\"position\":2,\"name\":\"Forschung\"}]},{\"@type\":\"WebSite\",\"@id\":\"https:\\\/\\\/www.baumbiologie.com\\\/#website\",\"url\":\"https:\\\/\\\/www.baumbiologie.com\\\/\",\"name\":\"Sachverst\u00e4ndigenb\u00fcro f\u00fcr Baumbiologie\",\"description\":\"Baumgutachten - Forschung - Seminare\",\"potentialAction\":[{\"@type\":\"SearchAction\",\"target\":{\"@type\":\"EntryPoint\",\"urlTemplate\":\"https:\\\/\\\/www.baumbiologie.com\\\/?s={search_term_string}\"},\"query-input\":{\"@type\":\"PropertyValueSpecification\",\"valueRequired\":true,\"valueName\":\"search_term_string\"}}],\"inLanguage\":\"de\"}]}<\/script>\n<!-- \/ Yoast SEO plugin. -->","yoast_head_json":{"title":"Forschung - Sachverst\u00e4ndigenb\u00fcro f\u00fcr Baumbiologie","description":"Forschungsdienstleistungen rund um den Baum: Messen - Beproben - Analysieren. Vom Boden aus und mit Seilklettertechnik","robots":{"index":"index","follow":"follow","max-snippet":"max-snippet:-1","max-image-preview":"max-image-preview:large","max-video-preview":"max-video-preview:-1"},"canonical":"https:\/\/www.baumbiologie.com\/?page_id=57","og_locale":"de_DE","og_type":"article","og_title":"Forschung - Sachverst\u00e4ndigenb\u00fcro f\u00fcr Baumbiologie","og_description":"Forschungsdienstleistungen rund um den Baum: Messen - Beproben - Analysieren. Vom Boden aus und mit Seilklettertechnik","og_url":"https:\/\/www.baumbiologie.com\/?page_id=57","og_site_name":"Sachverst\u00e4ndigenb\u00fcro f\u00fcr Baumbiologie","article_modified_time":"2020-11-20T13:49:20+00:00","og_image":[{"url":"https:\/\/www.baumbiologie.com\/wp-content\/uploads\/2020\/07\/WP_20160505_11_21_02_Pro-1024x764.jpg","type":"","width":"","height":""}],"twitter_card":"summary_large_image","twitter_misc":{"Gesch\u00e4tzte Lesezeit":"1\u00a0Minute"},"schema":{"@context":"https:\/\/schema.org","@graph":[{"@type":"WebPage","@id":"https:\/\/www.baumbiologie.com\/?page_id=57","url":"https:\/\/www.baumbiologie.com\/?page_id=57","name":"Forschung - Sachverst\u00e4ndigenb\u00fcro f\u00fcr Baumbiologie","isPartOf":{"@id":"https:\/\/www.baumbiologie.com\/#website"},"primaryImageOfPage":{"@id":"https:\/\/www.baumbiologie.com\/?page_id=57#primaryimage"},"image":{"@id":"https:\/\/www.baumbiologie.com\/?page_id=57#primaryimage"},"thumbnailUrl":"https:\/\/www.baumbiologie.com\/wp-content\/uploads\/2020\/07\/WP_20160505_11_21_02_Pro-1024x764.jpg","datePublished":"2020-06-25T19:47:15+00:00","dateModified":"2020-11-20T13:49:20+00:00","description":"Forschungsdienstleistungen rund um den Baum: Messen - Beproben - Analysieren. Vom Boden aus und mit Seilklettertechnik","breadcrumb":{"@id":"https:\/\/www.baumbiologie.com\/?page_id=57#breadcrumb"},"inLanguage":"de","potentialAction":[{"@type":"ReadAction","target":["https:\/\/www.baumbiologie.com\/?page_id=57"]}]},{"@type":"ImageObject","inLanguage":"de","@id":"https:\/\/www.baumbiologie.com\/?page_id=57#primaryimage","url":"https:\/\/www.baumbiologie.com\/wp-content\/uploads\/2020\/07\/WP_20160505_11_21_02_Pro.jpg","contentUrl":"https:\/\/www.baumbiologie.com\/wp-content\/uploads\/2020\/07\/WP_20160505_11_21_02_Pro.jpg","width":1632,"height":1218,"caption":"Sensor Ultraschallemissionsanalyse"},{"@type":"BreadcrumbList","@id":"https:\/\/www.baumbiologie.com\/?page_id=57#breadcrumb","itemListElement":[{"@type":"ListItem","position":1,"name":"Startseite","item":"https:\/\/www.baumbiologie.com\/"},{"@type":"ListItem","position":2,"name":"Forschung"}]},{"@type":"WebSite","@id":"https:\/\/www.baumbiologie.com\/#website","url":"https:\/\/www.baumbiologie.com\/","name":"Sachverst\u00e4ndigenb\u00fcro f\u00fcr Baumbiologie","description":"Baumgutachten - Forschung - Seminare","potentialAction":[{"@type":"SearchAction","target":{"@type":"EntryPoint","urlTemplate":"https:\/\/www.baumbiologie.com\/?s={search_term_string}"},"query-input":{"@type":"PropertyValueSpecification","valueRequired":true,"valueName":"search_term_string"}}],"inLanguage":"de"}]}},"_links":{"self":[{"href":"https:\/\/www.baumbiologie.com\/index.php?rest_route=\/wp\/v2\/pages\/57","targetHints":{"allow":["GET"]}}],"collection":[{"href":"https:\/\/www.baumbiologie.com\/index.php?rest_route=\/wp\/v2\/pages"}],"about":[{"href":"https:\/\/www.baumbiologie.com\/index.php?rest_route=\/wp\/v2\/types\/page"}],"author":[{"embeddable":true,"href":"https:\/\/www.baumbiologie.com\/index.php?rest_route=\/wp\/v2\/users\/1"}],"replies":[{"embeddable":true,"href":"https:\/\/www.baumbiologie.com\/index.php?rest_route=%2Fwp%2Fv2%2Fcomments&post=57"}],"version-history":[{"count":7,"href":"https:\/\/www.baumbiologie.com\/index.php?rest_route=\/wp\/v2\/pages\/57\/revisions"}],"predecessor-version":[{"id":1825,"href":"https:\/\/www.baumbiologie.com\/index.php?rest_route=\/wp\/v2\/pages\/57\/revisions\/1825"}],"wp:attachment":[{"href":"https:\/\/www.baumbiologie.com\/index.php?rest_route=%2Fwp%2Fv2%2Fmedia&parent=57"}],"curies":[{"name":"wp","href":"https:\/\/api.w.org\/{rel}","templated":true}]}}