{"id":2497,"date":"2022-07-22T15:37:15","date_gmt":"2022-07-22T15:37:15","guid":{"rendered":"https:\/\/www.baumbiologie.com\/?page_id=2497"},"modified":"2025-12-11T13:31:45","modified_gmt":"2025-12-11T13:31:45","slug":"eingehende-untersuchungen","status":"publish","type":"page","link":"https:\/\/www.baumbiologie.com\/?page_id=2497","title":{"rendered":"Eingehende Untersuchungen"},"content":{"rendered":"\n<figure class=\"wp-block-gallery has-nested-images columns-default is-cropped wp-block-gallery-1 is-layout-flex wp-block-gallery-is-layout-flex\">\n<figure class=\"wp-block-image size-large\"><img fetchpriority=\"high\" decoding=\"async\" width=\"1007\" height=\"1007\" data-id=\"2528\" src=\"https:\/\/www.baumbiologie.com\/wp-content\/uploads\/2022\/08\/Schalltomogramm_Morus.jpg\" alt=\"\" class=\"wp-image-2528\" srcset=\"https:\/\/www.baumbiologie.com\/wp-content\/uploads\/2022\/08\/Schalltomogramm_Morus.jpg 1007w, https:\/\/www.baumbiologie.com\/wp-content\/uploads\/2022\/08\/Schalltomogramm_Morus-300x300.jpg 300w, https:\/\/www.baumbiologie.com\/wp-content\/uploads\/2022\/08\/Schalltomogramm_Morus-150x150.jpg 150w, https:\/\/www.baumbiologie.com\/wp-content\/uploads\/2022\/08\/Schalltomogramm_Morus-768x768.jpg 768w, https:\/\/www.baumbiologie.com\/wp-content\/uploads\/2022\/08\/Schalltomogramm_Morus-70x70.jpg 70w, https:\/\/www.baumbiologie.com\/wp-content\/uploads\/2022\/08\/Schalltomogramm_Morus-246x246.jpg 246w, https:\/\/www.baumbiologie.com\/wp-content\/uploads\/2022\/08\/Schalltomogramm_Morus-276x276.jpg 276w, https:\/\/www.baumbiologie.com\/wp-content\/uploads\/2022\/08\/Schalltomogramm_Morus-125x125.jpg 125w\" sizes=\"(max-width: 1007px) 100vw, 1007px\" \/><\/figure>\n\n\n\n<figure class=\"wp-block-image size-full\"><img decoding=\"async\" width=\"458\" height=\"500\" data-id=\"2532\" data-src=\"https:\/\/www.baumbiologie.com\/wp-content\/uploads\/2022\/08\/Bohrschrieb_Resi-2.jpg\" alt=\"\" class=\"wp-image-2532 lazyload\" data-srcset=\"https:\/\/www.baumbiologie.com\/wp-content\/uploads\/2022\/08\/Bohrschrieb_Resi-2.jpg 458w, https:\/\/www.baumbiologie.com\/wp-content\/uploads\/2022\/08\/Bohrschrieb_Resi-2-275x300.jpg 275w\" data-sizes=\"(max-width: 458px) 100vw, 458px\" src=\"data:image\/svg+xml;base64,PHN2ZyB3aWR0aD0iMSIgaGVpZ2h0PSIxIiB4bWxucz0iaHR0cDovL3d3dy53My5vcmcvMjAwMC9zdmciPjwvc3ZnPg==\" style=\"--smush-placeholder-width: 458px; --smush-placeholder-aspect-ratio: 458\/500;\" \/><\/figure>\n\n\n\n<figure class=\"wp-block-image size-large\"><img decoding=\"async\" width=\"562\" height=\"562\" data-id=\"2530\" data-src=\"https:\/\/www.baumbiologie.com\/wp-content\/uploads\/2022\/08\/Elektrotomogramm.jpg\" alt=\"\" class=\"wp-image-2530 lazyload\" data-srcset=\"https:\/\/www.baumbiologie.com\/wp-content\/uploads\/2022\/08\/Elektrotomogramm.jpg 562w, https:\/\/www.baumbiologie.com\/wp-content\/uploads\/2022\/08\/Elektrotomogramm-300x300.jpg 300w, https:\/\/www.baumbiologie.com\/wp-content\/uploads\/2022\/08\/Elektrotomogramm-150x150.jpg 150w, https:\/\/www.baumbiologie.com\/wp-content\/uploads\/2022\/08\/Elektrotomogramm-70x70.jpg 70w, https:\/\/www.baumbiologie.com\/wp-content\/uploads\/2022\/08\/Elektrotomogramm-246x246.jpg 246w, https:\/\/www.baumbiologie.com\/wp-content\/uploads\/2022\/08\/Elektrotomogramm-276x276.jpg 276w, https:\/\/www.baumbiologie.com\/wp-content\/uploads\/2022\/08\/Elektrotomogramm-125x125.jpg 125w\" data-sizes=\"(max-width: 562px) 100vw, 562px\" src=\"data:image\/svg+xml;base64,PHN2ZyB3aWR0aD0iMSIgaGVpZ2h0PSIxIiB4bWxucz0iaHR0cDovL3d3dy53My5vcmcvMjAwMC9zdmciPjwvc3ZnPg==\" style=\"--smush-placeholder-width: 562px; --smush-placeholder-aspect-ratio: 562\/562;\" \/><\/figure>\n<\/figure>\n\n\n\n<p>Eingehende Untersuchungen mit ger\u00e4tetechnischen Verfahren werden eingesetzt, wenn Zweifel an der Bruch- oder Standsicherheit eines Baumes bestehen. Es gibt so unterschiedliche Verfahren wie Impuls- oder Schalltomographie, Elektrotomographie, Bohrwiderstandsmessungen oder Fraktometrie. Im Kurs werden Sie sowohl erfahren, wie die Ger\u00e4te funktionieren, als auch ihre St\u00e4rken und Schw\u00e4chen in Theorie und Praxis kennenlernen.<\/p>\n\n\n\n<p>Der Kurs eignet sich f\u00fcr Baumkontrolleure und Baumpfleger, die ger\u00e4tetechnische Verfahren kennenlernen und ausprobieren wollen.<\/p>\n\n\n\n<p>Eine optimale Erg\u00e4nzung ist der Kurs \u201eHolzzersetzende Pilze\u201c am n\u00e4chsten Tag.<\/p>\n\n\n\n<h2 class=\"wp-block-heading\">Kursinhalte<\/h2>\n\n\n\n<ul class=\"wp-block-list\">\n<li>Theoretische Grundlagen zur Arbeit mit ger\u00e4tetechnischen Verfahren<\/li>\n\n\n\n<li>Praktische \u00dcbungen: Bohrwiderstandsmessungen, Impulstomographie, Elektrotomographie und Fraktometrie<\/li>\n<\/ul>\n\n\n\n<h2 class=\"wp-block-heading\"><strong>Teilnahmevoraussetzungen<\/strong><\/h2>\n\n\n\n<ul class=\"wp-block-list\">\n<li>Grundkenntnisse in der Baumkontrolle<\/li>\n<\/ul>\n\n\n\n<h2 class=\"wp-block-heading\"><strong>Termine&nbsp;und Buchung<\/strong><\/h2>\n\n\n\n<p>Zur Zeit werden aufgrund der hohen Auslastung durch die gutachterlichen T\u00e4tigkeiten keine Termine angeboten.<\/p>\n\n\n\n<p>Im Preis sind Seminarunterlagen und Tagungsgetr\u00e4nke enthalten. <\/p>\n","protected":false},"excerpt":{"rendered":"<p>Eingehende Untersuchungen mit ger\u00e4tetechnischen Verfahren werden eingesetzt, wenn Zweifel an der Bruch- oder Standsicherheit eines Baumes bestehen. Es gibt so &hellip; <\/p>\n","protected":false},"author":1,"featured_media":0,"parent":0,"menu_order":0,"comment_status":"closed","ping_status":"closed","template":"","meta":{"_monsterinsights_skip_tracking":false,"_monsterinsights_sitenote_active":false,"_monsterinsights_sitenote_note":"","_monsterinsights_sitenote_category":0,"footnotes":""},"class_list":["post-2497","page","type-page","status-publish","hentry"],"yoast_head":"<!-- This site is optimized with the Yoast SEO plugin v27.5 - https:\/\/yoast.com\/product\/yoast-seo-wordpress\/ -->\n<title>Eingehende Untersuchungen - Sachverst\u00e4ndigenb\u00fcro f\u00fcr Baumbiologie<\/title>\n<meta name=\"description\" content=\"Baumkontrolleur-Ausbildung im Rhein-Main-Gebiet f\u00fcr Frankfurt, Wiesbaden, Mainz, Rheingau, Taunus\" \/>\n<meta name=\"robots\" content=\"index, follow, max-snippet:-1, max-image-preview:large, max-video-preview:-1\" \/>\n<link rel=\"canonical\" href=\"https:\/\/www.baumbiologie.com\/?page_id=2497\" \/>\n<meta property=\"og:locale\" content=\"de_DE\" \/>\n<meta property=\"og:type\" content=\"article\" \/>\n<meta property=\"og:title\" content=\"Eingehende Untersuchungen - Sachverst\u00e4ndigenb\u00fcro f\u00fcr Baumbiologie\" \/>\n<meta property=\"og:description\" content=\"Baumkontrolleur-Ausbildung im Rhein-Main-Gebiet f\u00fcr Frankfurt, Wiesbaden, Mainz, Rheingau, Taunus\" \/>\n<meta property=\"og:url\" content=\"https:\/\/www.baumbiologie.com\/?page_id=2497\" \/>\n<meta property=\"og:site_name\" content=\"Sachverst\u00e4ndigenb\u00fcro f\u00fcr Baumbiologie\" \/>\n<meta property=\"article:modified_time\" content=\"2025-12-11T13:31:45+00:00\" \/>\n<meta property=\"og:image\" content=\"https:\/\/www.baumbiologie.com\/wp-content\/uploads\/2022\/08\/Schalltomogramm_Morus.jpg\" \/>\n\t<meta property=\"og:image:width\" content=\"1007\" \/>\n\t<meta property=\"og:image:height\" content=\"1007\" \/>\n\t<meta property=\"og:image:type\" content=\"image\/jpeg\" \/>\n<meta name=\"twitter:card\" content=\"summary_large_image\" \/>\n<script type=\"application\/ld+json\" class=\"yoast-schema-graph\">{\"@context\":\"https:\\\/\\\/schema.org\",\"@graph\":[{\"@type\":\"WebPage\",\"@id\":\"https:\\\/\\\/www.baumbiologie.com\\\/?page_id=2497\",\"url\":\"https:\\\/\\\/www.baumbiologie.com\\\/?page_id=2497\",\"name\":\"Eingehende Untersuchungen - Sachverst\u00e4ndigenb\u00fcro f\u00fcr Baumbiologie\",\"isPartOf\":{\"@id\":\"https:\\\/\\\/www.baumbiologie.com\\\/#website\"},\"primaryImageOfPage\":{\"@id\":\"https:\\\/\\\/www.baumbiologie.com\\\/?page_id=2497#primaryimage\"},\"image\":{\"@id\":\"https:\\\/\\\/www.baumbiologie.com\\\/?page_id=2497#primaryimage\"},\"thumbnailUrl\":\"https:\\\/\\\/www.baumbiologie.com\\\/wp-content\\\/uploads\\\/2022\\\/08\\\/Schalltomogramm_Morus.jpg\",\"datePublished\":\"2022-07-22T15:37:15+00:00\",\"dateModified\":\"2025-12-11T13:31:45+00:00\",\"description\":\"Baumkontrolleur-Ausbildung im Rhein-Main-Gebiet f\u00fcr Frankfurt, Wiesbaden, Mainz, Rheingau, Taunus\",\"breadcrumb\":{\"@id\":\"https:\\\/\\\/www.baumbiologie.com\\\/?page_id=2497#breadcrumb\"},\"inLanguage\":\"de\",\"potentialAction\":[{\"@type\":\"ReadAction\",\"target\":[\"https:\\\/\\\/www.baumbiologie.com\\\/?page_id=2497\"]}]},{\"@type\":\"ImageObject\",\"inLanguage\":\"de\",\"@id\":\"https:\\\/\\\/www.baumbiologie.com\\\/?page_id=2497#primaryimage\",\"url\":\"https:\\\/\\\/www.baumbiologie.com\\\/wp-content\\\/uploads\\\/2022\\\/08\\\/Schalltomogramm_Morus.jpg\",\"contentUrl\":\"https:\\\/\\\/www.baumbiologie.com\\\/wp-content\\\/uploads\\\/2022\\\/08\\\/Schalltomogramm_Morus.jpg\",\"width\":1007,\"height\":1007},{\"@type\":\"BreadcrumbList\",\"@id\":\"https:\\\/\\\/www.baumbiologie.com\\\/?page_id=2497#breadcrumb\",\"itemListElement\":[{\"@type\":\"ListItem\",\"position\":1,\"name\":\"Startseite\",\"item\":\"https:\\\/\\\/www.baumbiologie.com\\\/\"},{\"@type\":\"ListItem\",\"position\":2,\"name\":\"Eingehende Untersuchungen\"}]},{\"@type\":\"WebSite\",\"@id\":\"https:\\\/\\\/www.baumbiologie.com\\\/#website\",\"url\":\"https:\\\/\\\/www.baumbiologie.com\\\/\",\"name\":\"Sachverst\u00e4ndigenb\u00fcro f\u00fcr Baumbiologie\",\"description\":\"Baumgutachten - Forschung - Seminare\",\"potentialAction\":[{\"@type\":\"SearchAction\",\"target\":{\"@type\":\"EntryPoint\",\"urlTemplate\":\"https:\\\/\\\/www.baumbiologie.com\\\/?s={search_term_string}\"},\"query-input\":{\"@type\":\"PropertyValueSpecification\",\"valueRequired\":true,\"valueName\":\"search_term_string\"}}],\"inLanguage\":\"de\"}]}<\/script>\n<!-- \/ Yoast SEO plugin. -->","yoast_head_json":{"title":"Eingehende Untersuchungen - Sachverst\u00e4ndigenb\u00fcro f\u00fcr Baumbiologie","description":"Baumkontrolleur-Ausbildung im Rhein-Main-Gebiet f\u00fcr Frankfurt, Wiesbaden, Mainz, Rheingau, Taunus","robots":{"index":"index","follow":"follow","max-snippet":"max-snippet:-1","max-image-preview":"max-image-preview:large","max-video-preview":"max-video-preview:-1"},"canonical":"https:\/\/www.baumbiologie.com\/?page_id=2497","og_locale":"de_DE","og_type":"article","og_title":"Eingehende Untersuchungen - Sachverst\u00e4ndigenb\u00fcro f\u00fcr Baumbiologie","og_description":"Baumkontrolleur-Ausbildung im Rhein-Main-Gebiet f\u00fcr Frankfurt, Wiesbaden, Mainz, Rheingau, Taunus","og_url":"https:\/\/www.baumbiologie.com\/?page_id=2497","og_site_name":"Sachverst\u00e4ndigenb\u00fcro f\u00fcr Baumbiologie","article_modified_time":"2025-12-11T13:31:45+00:00","og_image":[{"width":1007,"height":1007,"url":"https:\/\/www.baumbiologie.com\/wp-content\/uploads\/2022\/08\/Schalltomogramm_Morus.jpg","type":"image\/jpeg"}],"twitter_card":"summary_large_image","schema":{"@context":"https:\/\/schema.org","@graph":[{"@type":"WebPage","@id":"https:\/\/www.baumbiologie.com\/?page_id=2497","url":"https:\/\/www.baumbiologie.com\/?page_id=2497","name":"Eingehende Untersuchungen - Sachverst\u00e4ndigenb\u00fcro f\u00fcr Baumbiologie","isPartOf":{"@id":"https:\/\/www.baumbiologie.com\/#website"},"primaryImageOfPage":{"@id":"https:\/\/www.baumbiologie.com\/?page_id=2497#primaryimage"},"image":{"@id":"https:\/\/www.baumbiologie.com\/?page_id=2497#primaryimage"},"thumbnailUrl":"https:\/\/www.baumbiologie.com\/wp-content\/uploads\/2022\/08\/Schalltomogramm_Morus.jpg","datePublished":"2022-07-22T15:37:15+00:00","dateModified":"2025-12-11T13:31:45+00:00","description":"Baumkontrolleur-Ausbildung im Rhein-Main-Gebiet f\u00fcr Frankfurt, Wiesbaden, Mainz, Rheingau, Taunus","breadcrumb":{"@id":"https:\/\/www.baumbiologie.com\/?page_id=2497#breadcrumb"},"inLanguage":"de","potentialAction":[{"@type":"ReadAction","target":["https:\/\/www.baumbiologie.com\/?page_id=2497"]}]},{"@type":"ImageObject","inLanguage":"de","@id":"https:\/\/www.baumbiologie.com\/?page_id=2497#primaryimage","url":"https:\/\/www.baumbiologie.com\/wp-content\/uploads\/2022\/08\/Schalltomogramm_Morus.jpg","contentUrl":"https:\/\/www.baumbiologie.com\/wp-content\/uploads\/2022\/08\/Schalltomogramm_Morus.jpg","width":1007,"height":1007},{"@type":"BreadcrumbList","@id":"https:\/\/www.baumbiologie.com\/?page_id=2497#breadcrumb","itemListElement":[{"@type":"ListItem","position":1,"name":"Startseite","item":"https:\/\/www.baumbiologie.com\/"},{"@type":"ListItem","position":2,"name":"Eingehende Untersuchungen"}]},{"@type":"WebSite","@id":"https:\/\/www.baumbiologie.com\/#website","url":"https:\/\/www.baumbiologie.com\/","name":"Sachverst\u00e4ndigenb\u00fcro f\u00fcr Baumbiologie","description":"Baumgutachten - Forschung - Seminare","potentialAction":[{"@type":"SearchAction","target":{"@type":"EntryPoint","urlTemplate":"https:\/\/www.baumbiologie.com\/?s={search_term_string}"},"query-input":{"@type":"PropertyValueSpecification","valueRequired":true,"valueName":"search_term_string"}}],"inLanguage":"de"}]}},"_links":{"self":[{"href":"https:\/\/www.baumbiologie.com\/index.php?rest_route=\/wp\/v2\/pages\/2497","targetHints":{"allow":["GET"]}}],"collection":[{"href":"https:\/\/www.baumbiologie.com\/index.php?rest_route=\/wp\/v2\/pages"}],"about":[{"href":"https:\/\/www.baumbiologie.com\/index.php?rest_route=\/wp\/v2\/types\/page"}],"author":[{"embeddable":true,"href":"https:\/\/www.baumbiologie.com\/index.php?rest_route=\/wp\/v2\/users\/1"}],"replies":[{"embeddable":true,"href":"https:\/\/www.baumbiologie.com\/index.php?rest_route=%2Fwp%2Fv2%2Fcomments&post=2497"}],"version-history":[{"count":12,"href":"https:\/\/www.baumbiologie.com\/index.php?rest_route=\/wp\/v2\/pages\/2497\/revisions"}],"predecessor-version":[{"id":3261,"href":"https:\/\/www.baumbiologie.com\/index.php?rest_route=\/wp\/v2\/pages\/2497\/revisions\/3261"}],"wp:attachment":[{"href":"https:\/\/www.baumbiologie.com\/index.php?rest_route=%2Fwp%2Fv2%2Fmedia&parent=2497"}],"curies":[{"name":"wp","href":"https:\/\/api.w.org\/{rel}","templated":true}]}}