{"id":2101,"date":"2021-04-22T08:34:15","date_gmt":"2021-04-22T08:34:15","guid":{"rendered":"https:\/\/www.baumbiologie.com\/?page_id=2101"},"modified":"2023-01-09T07:26:43","modified_gmt":"2023-01-09T07:26:43","slug":"wurzelanalytik","status":"publish","type":"page","link":"https:\/\/www.baumbiologie.com\/?page_id=2101","title":{"rendered":"Wurzelanalytik"},"content":{"rendered":"\n<p>Bei der Bestimmung auf Artzugeh\u00f6rigkeit von Wurzelholz muss meist auf die mikroskopische Struktur des Wurzelholzes zur\u00fcckgegriffen werden, da wichtige oberirdische Bestimmungsmerkmale wie Bl\u00e4tter oder Knospen an den Wurzeln fehlen. Zus\u00e4tzlich ist Wurzelholz anders aufgebaut als Holz im Stamm oder in den \u00c4sten. Die Proben werden daher mit einem Mikrotom oder von Hand geschnitten und unter dem Mikroskop untersucht. Besonders die Form und Verteilung der Gef\u00e4\u00dfe, der Anteil und die Verteilung des Strahlen- und L\u00e4ngsparenchyms und die Verbindungen (T\u00fcpfelung) der einzelnen Zelltypen sind wichtige Merkmale f\u00fcr die Bestimmung. In einigen F\u00e4llen k\u00f6nnen auch vorhandene Mykorrhizapilze entscheidende Hinweise auf die Art geben. Die Proben werden mit Hilfe von speziellen Bestimmungsschl\u00fcsseln f\u00fcr Wurzelholz und Vergleichsproben bestimmt.<\/p>\n\n\n\n<p>Sind die mikroskopischen Analysen nicht ausreichend, weil z.B. die Identifizierung auf Individuen-Ebene erfolgen muss, kann auch eine genetische Analyse durchgef\u00fchrt werden.<\/p>\n\n\n<div class=\"wp-block-image\">\n<figure class=\"alignleft size-large\"><img fetchpriority=\"high\" decoding=\"async\" width=\"1024\" height=\"768\" src=\"https:\/\/www.baumbiologie.com\/wp-content\/uploads\/2023\/01\/22-07-27_42101-1024x768.jpg\" alt=\"\" class=\"wp-image-2565\" srcset=\"https:\/\/www.baumbiologie.com\/wp-content\/uploads\/2023\/01\/22-07-27_42101-1024x768.jpg 1024w, https:\/\/www.baumbiologie.com\/wp-content\/uploads\/2023\/01\/22-07-27_42101-300x225.jpg 300w, https:\/\/www.baumbiologie.com\/wp-content\/uploads\/2023\/01\/22-07-27_42101-768x576.jpg 768w, https:\/\/www.baumbiologie.com\/wp-content\/uploads\/2023\/01\/22-07-27_42101-1536x1152.jpg 1536w, https:\/\/www.baumbiologie.com\/wp-content\/uploads\/2023\/01\/22-07-27_42101-2048x1537.jpg 2048w\" sizes=\"(max-width: 1024px) 100vw, 1024px\" \/><\/figure>\n<\/div>","protected":false},"excerpt":{"rendered":"<p>Bei der Bestimmung auf Artzugeh\u00f6rigkeit von Wurzelholz muss meist auf die mikroskopische Struktur des Wurzelholzes zur\u00fcckgegriffen werden, da wichtige oberirdische &hellip; <\/p>\n","protected":false},"author":1,"featured_media":0,"parent":0,"menu_order":0,"comment_status":"closed","ping_status":"closed","template":"","meta":{"_monsterinsights_skip_tracking":false,"_monsterinsights_sitenote_active":false,"_monsterinsights_sitenote_note":"","_monsterinsights_sitenote_category":0,"footnotes":""},"class_list":["post-2101","page","type-page","status-publish","hentry"],"yoast_head":"<!-- This site is optimized with the Yoast SEO plugin v27.4 - https:\/\/yoast.com\/product\/yoast-seo-wordpress\/ -->\n<title>Wurzelanalytik - Sachverst\u00e4ndigenb\u00fcro f\u00fcr Baumbiologie<\/title>\n<meta name=\"robots\" content=\"index, follow, max-snippet:-1, max-image-preview:large, max-video-preview:-1\" \/>\n<link rel=\"canonical\" href=\"https:\/\/www.baumbiologie.com\/?page_id=2101\" \/>\n<meta property=\"og:locale\" content=\"de_DE\" \/>\n<meta property=\"og:type\" content=\"article\" \/>\n<meta property=\"og:title\" content=\"Wurzelanalytik - Sachverst\u00e4ndigenb\u00fcro f\u00fcr Baumbiologie\" \/>\n<meta property=\"og:description\" content=\"Bei der Bestimmung auf Artzugeh\u00f6rigkeit von Wurzelholz muss meist auf die mikroskopische Struktur des Wurzelholzes zur\u00fcckgegriffen werden, da wichtige oberirdische &hellip;\" \/>\n<meta property=\"og:url\" content=\"https:\/\/www.baumbiologie.com\/?page_id=2101\" \/>\n<meta property=\"og:site_name\" content=\"Sachverst\u00e4ndigenb\u00fcro f\u00fcr Baumbiologie\" \/>\n<meta property=\"article:modified_time\" content=\"2023-01-09T07:26:43+00:00\" \/>\n<meta property=\"og:image\" content=\"https:\/\/www.baumbiologie.com\/wp-content\/uploads\/2023\/01\/22-07-27_42101-1024x768.jpg\" \/>\n<meta name=\"twitter:card\" content=\"summary_large_image\" \/>\n<meta name=\"twitter:label1\" content=\"Gesch\u00e4tzte Lesezeit\" \/>\n\t<meta name=\"twitter:data1\" content=\"1\u00a0Minute\" \/>\n<script type=\"application\/ld+json\" class=\"yoast-schema-graph\">{\"@context\":\"https:\\\/\\\/schema.org\",\"@graph\":[{\"@type\":\"WebPage\",\"@id\":\"https:\\\/\\\/www.baumbiologie.com\\\/?page_id=2101\",\"url\":\"https:\\\/\\\/www.baumbiologie.com\\\/?page_id=2101\",\"name\":\"Wurzelanalytik - Sachverst\u00e4ndigenb\u00fcro f\u00fcr Baumbiologie\",\"isPartOf\":{\"@id\":\"https:\\\/\\\/www.baumbiologie.com\\\/#website\"},\"primaryImageOfPage\":{\"@id\":\"https:\\\/\\\/www.baumbiologie.com\\\/?page_id=2101#primaryimage\"},\"image\":{\"@id\":\"https:\\\/\\\/www.baumbiologie.com\\\/?page_id=2101#primaryimage\"},\"thumbnailUrl\":\"https:\\\/\\\/www.baumbiologie.com\\\/wp-content\\\/uploads\\\/2023\\\/01\\\/22-07-27_42101-1024x768.jpg\",\"datePublished\":\"2021-04-22T08:34:15+00:00\",\"dateModified\":\"2023-01-09T07:26:43+00:00\",\"breadcrumb\":{\"@id\":\"https:\\\/\\\/www.baumbiologie.com\\\/?page_id=2101#breadcrumb\"},\"inLanguage\":\"de\",\"potentialAction\":[{\"@type\":\"ReadAction\",\"target\":[\"https:\\\/\\\/www.baumbiologie.com\\\/?page_id=2101\"]}]},{\"@type\":\"ImageObject\",\"inLanguage\":\"de\",\"@id\":\"https:\\\/\\\/www.baumbiologie.com\\\/?page_id=2101#primaryimage\",\"url\":\"https:\\\/\\\/www.baumbiologie.com\\\/wp-content\\\/uploads\\\/2023\\\/01\\\/22-07-27_42101.jpg\",\"contentUrl\":\"https:\\\/\\\/www.baumbiologie.com\\\/wp-content\\\/uploads\\\/2023\\\/01\\\/22-07-27_42101.jpg\",\"width\":2495,\"height\":1872},{\"@type\":\"BreadcrumbList\",\"@id\":\"https:\\\/\\\/www.baumbiologie.com\\\/?page_id=2101#breadcrumb\",\"itemListElement\":[{\"@type\":\"ListItem\",\"position\":1,\"name\":\"Startseite\",\"item\":\"https:\\\/\\\/www.baumbiologie.com\\\/\"},{\"@type\":\"ListItem\",\"position\":2,\"name\":\"Wurzelanalytik\"}]},{\"@type\":\"WebSite\",\"@id\":\"https:\\\/\\\/www.baumbiologie.com\\\/#website\",\"url\":\"https:\\\/\\\/www.baumbiologie.com\\\/\",\"name\":\"Sachverst\u00e4ndigenb\u00fcro f\u00fcr Baumbiologie\",\"description\":\"Baumgutachten - Forschung - Seminare\",\"potentialAction\":[{\"@type\":\"SearchAction\",\"target\":{\"@type\":\"EntryPoint\",\"urlTemplate\":\"https:\\\/\\\/www.baumbiologie.com\\\/?s={search_term_string}\"},\"query-input\":{\"@type\":\"PropertyValueSpecification\",\"valueRequired\":true,\"valueName\":\"search_term_string\"}}],\"inLanguage\":\"de\"}]}<\/script>\n<!-- \/ Yoast SEO plugin. -->","yoast_head_json":{"title":"Wurzelanalytik - Sachverst\u00e4ndigenb\u00fcro f\u00fcr Baumbiologie","robots":{"index":"index","follow":"follow","max-snippet":"max-snippet:-1","max-image-preview":"max-image-preview:large","max-video-preview":"max-video-preview:-1"},"canonical":"https:\/\/www.baumbiologie.com\/?page_id=2101","og_locale":"de_DE","og_type":"article","og_title":"Wurzelanalytik - Sachverst\u00e4ndigenb\u00fcro f\u00fcr Baumbiologie","og_description":"Bei der Bestimmung auf Artzugeh\u00f6rigkeit von Wurzelholz muss meist auf die mikroskopische Struktur des Wurzelholzes zur\u00fcckgegriffen werden, da wichtige oberirdische &hellip;","og_url":"https:\/\/www.baumbiologie.com\/?page_id=2101","og_site_name":"Sachverst\u00e4ndigenb\u00fcro f\u00fcr Baumbiologie","article_modified_time":"2023-01-09T07:26:43+00:00","og_image":[{"url":"https:\/\/www.baumbiologie.com\/wp-content\/uploads\/2023\/01\/22-07-27_42101-1024x768.jpg","type":"","width":"","height":""}],"twitter_card":"summary_large_image","twitter_misc":{"Gesch\u00e4tzte Lesezeit":"1\u00a0Minute"},"schema":{"@context":"https:\/\/schema.org","@graph":[{"@type":"WebPage","@id":"https:\/\/www.baumbiologie.com\/?page_id=2101","url":"https:\/\/www.baumbiologie.com\/?page_id=2101","name":"Wurzelanalytik - Sachverst\u00e4ndigenb\u00fcro f\u00fcr Baumbiologie","isPartOf":{"@id":"https:\/\/www.baumbiologie.com\/#website"},"primaryImageOfPage":{"@id":"https:\/\/www.baumbiologie.com\/?page_id=2101#primaryimage"},"image":{"@id":"https:\/\/www.baumbiologie.com\/?page_id=2101#primaryimage"},"thumbnailUrl":"https:\/\/www.baumbiologie.com\/wp-content\/uploads\/2023\/01\/22-07-27_42101-1024x768.jpg","datePublished":"2021-04-22T08:34:15+00:00","dateModified":"2023-01-09T07:26:43+00:00","breadcrumb":{"@id":"https:\/\/www.baumbiologie.com\/?page_id=2101#breadcrumb"},"inLanguage":"de","potentialAction":[{"@type":"ReadAction","target":["https:\/\/www.baumbiologie.com\/?page_id=2101"]}]},{"@type":"ImageObject","inLanguage":"de","@id":"https:\/\/www.baumbiologie.com\/?page_id=2101#primaryimage","url":"https:\/\/www.baumbiologie.com\/wp-content\/uploads\/2023\/01\/22-07-27_42101.jpg","contentUrl":"https:\/\/www.baumbiologie.com\/wp-content\/uploads\/2023\/01\/22-07-27_42101.jpg","width":2495,"height":1872},{"@type":"BreadcrumbList","@id":"https:\/\/www.baumbiologie.com\/?page_id=2101#breadcrumb","itemListElement":[{"@type":"ListItem","position":1,"name":"Startseite","item":"https:\/\/www.baumbiologie.com\/"},{"@type":"ListItem","position":2,"name":"Wurzelanalytik"}]},{"@type":"WebSite","@id":"https:\/\/www.baumbiologie.com\/#website","url":"https:\/\/www.baumbiologie.com\/","name":"Sachverst\u00e4ndigenb\u00fcro f\u00fcr Baumbiologie","description":"Baumgutachten - Forschung - Seminare","potentialAction":[{"@type":"SearchAction","target":{"@type":"EntryPoint","urlTemplate":"https:\/\/www.baumbiologie.com\/?s={search_term_string}"},"query-input":{"@type":"PropertyValueSpecification","valueRequired":true,"valueName":"search_term_string"}}],"inLanguage":"de"}]}},"_links":{"self":[{"href":"https:\/\/www.baumbiologie.com\/index.php?rest_route=\/wp\/v2\/pages\/2101","targetHints":{"allow":["GET"]}}],"collection":[{"href":"https:\/\/www.baumbiologie.com\/index.php?rest_route=\/wp\/v2\/pages"}],"about":[{"href":"https:\/\/www.baumbiologie.com\/index.php?rest_route=\/wp\/v2\/types\/page"}],"author":[{"embeddable":true,"href":"https:\/\/www.baumbiologie.com\/index.php?rest_route=\/wp\/v2\/users\/1"}],"replies":[{"embeddable":true,"href":"https:\/\/www.baumbiologie.com\/index.php?rest_route=%2Fwp%2Fv2%2Fcomments&post=2101"}],"version-history":[{"count":4,"href":"https:\/\/www.baumbiologie.com\/index.php?rest_route=\/wp\/v2\/pages\/2101\/revisions"}],"predecessor-version":[{"id":2569,"href":"https:\/\/www.baumbiologie.com\/index.php?rest_route=\/wp\/v2\/pages\/2101\/revisions\/2569"}],"wp:attachment":[{"href":"https:\/\/www.baumbiologie.com\/index.php?rest_route=%2Fwp%2Fv2%2Fmedia&parent=2101"}],"curies":[{"name":"wp","href":"https:\/\/api.w.org\/{rel}","templated":true}]}}