{"id":1874,"date":"2021-01-08T14:17:38","date_gmt":"2021-01-08T14:17:38","guid":{"rendered":"https:\/\/www.baumbiologie.com\/?page_id=1874"},"modified":"2025-12-11T13:32:08","modified_gmt":"2025-12-11T13:32:08","slug":"holzanatomie-2","status":"publish","type":"page","link":"https:\/\/www.baumbiologie.com\/?page_id=1874","title":{"rendered":"Holzanatomie"},"content":{"rendered":"\n<figure class=\"wp-block-image size-large\"><img fetchpriority=\"high\" decoding=\"async\" width=\"1024\" height=\"683\" src=\"https:\/\/www.baumbiologie.com\/wp-content\/uploads\/2024\/02\/Bohrkern_Eibe-1-1024x683.jpg\" alt=\"\" class=\"wp-image-3042\" srcset=\"https:\/\/www.baumbiologie.com\/wp-content\/uploads\/2024\/02\/Bohrkern_Eibe-1-1024x683.jpg 1024w, https:\/\/www.baumbiologie.com\/wp-content\/uploads\/2024\/02\/Bohrkern_Eibe-1-300x200.jpg 300w, https:\/\/www.baumbiologie.com\/wp-content\/uploads\/2024\/02\/Bohrkern_Eibe-1-768x512.jpg 768w, https:\/\/www.baumbiologie.com\/wp-content\/uploads\/2024\/02\/Bohrkern_Eibe-1-1536x1024.jpg 1536w, https:\/\/www.baumbiologie.com\/wp-content\/uploads\/2024\/02\/Bohrkern_Eibe-1.jpg 2048w\" sizes=\"(max-width: 1024px) 100vw, 1024px\" \/><\/figure>\n\n\n\n<p>Holz ist ein Stoff, mit dem ein Baumkontrolleur, Baumpfleger oder Baumgutachter t\u00e4glich zu tun hat. Trotzdem fehlen h\u00e4ufig detaillierte anatomische Kenntnisse \u00fcber das Holz. In diesem Kurs lernen Sie, sich im Holz zurechtzufinden. Mit dem blo\u00dfen Auge, mit der Lupe und schlussendlich mit dem Mikroskop werden Sie alle wichtigen Strukturen sehen und ihre Funktion verstehen.<\/p>\n\n\n\n<p>Bereits w\u00e4hrend des Kurses werden Sie in der Lage sein, Holzarten zu bestimmen. Die vermittelten Kenntnisse helfen Ihnen, Messergebnisse f\u00fcr Baumgutachten zu interpretieren, Pilz-Wirt-Interaktionen zu verstehen und eigenen Untersuchungen durchzuf\u00fchren.<\/p>\n\n\n\n<p>Der Kurs eignet sich f\u00fcr ambitionierte Baumkontrolleure und Baumpfleger, die in die Gutachtert\u00e4tigkeit einsteigen wollen oder einfach mehr wissen wollen.<\/p>\n\n\n\n<p>Eine optimale Erg\u00e4nzung ist der Kurs \u201e<a href=\"https:\/\/www.baumbiologie.com\/?page_id=1878\">Baumbiologie<\/a>\u201c am n\u00e4chsten Tag.<\/p>\n\n\n\n<h2 class=\"wp-block-heading\">Kursinhalte<\/h2>\n\n\n\n<ul class=\"wp-block-list\">\n<li>Detaillierte Kenntnisse zur Anatomie, Morphologie und Funktion von Holz und Rinde<\/li>\n\n\n\n<li>\u00dcbungen zur makroskopischen und mikroskopischen Holzbestimmung<\/li>\n\n\n\n<li>Einf\u00fchrung in die Dendrochronologie<\/li>\n<\/ul>\n\n\n\n<h2 class=\"wp-block-heading\"><strong>Teilnahmevoraussetzungen<\/strong><\/h2>\n\n\n\n<ul class=\"wp-block-list\">\n<li>Grundkenntnisse der Holzanatomie und des Zellwandaufbaus<\/li>\n<\/ul>\n\n\n\n<h2 class=\"wp-block-heading\"><strong>Termine&nbsp;und Buchung<\/strong><\/h2>\n\n\n\n<p>Zur Zeit werden aufgrund der hohen Auslastung durch die gutachterlichen T\u00e4tigkeiten keine Termine angeboten.<\/p>\n\n\n\n<p>Im Preis sind Seminarunterlagen und Tagungsgetr\u00e4nke enthalten. <\/p>\n","protected":false},"excerpt":{"rendered":"<p>Holz ist ein Stoff, mit dem ein Baumkontrolleur, Baumpfleger oder Baumgutachter t\u00e4glich zu tun hat. Trotzdem fehlen h\u00e4ufig detaillierte anatomische &hellip; <\/p>\n","protected":false},"author":1,"featured_media":0,"parent":0,"menu_order":0,"comment_status":"closed","ping_status":"closed","template":"","meta":{"_monsterinsights_skip_tracking":false,"_monsterinsights_sitenote_active":false,"_monsterinsights_sitenote_note":"","_monsterinsights_sitenote_category":0,"footnotes":""},"class_list":["post-1874","page","type-page","status-publish","hentry"],"yoast_head":"<!-- This site is optimized with the Yoast SEO plugin v27.4 - https:\/\/yoast.com\/product\/yoast-seo-wordpress\/ -->\n<title>Holzanatomie - Sachverst\u00e4ndigenb\u00fcro f\u00fcr Baumbiologie<\/title>\n<meta name=\"description\" content=\"Baumkontrolleur-Ausbildung im Rhein-Main-Gebiet f\u00fcr Frankfurt, Wiesbaden, Mainz, Rheingau, Taunus\" \/>\n<meta name=\"robots\" content=\"index, follow, max-snippet:-1, max-image-preview:large, max-video-preview:-1\" \/>\n<link rel=\"canonical\" href=\"https:\/\/www.baumbiologie.com\/?page_id=1874\" \/>\n<meta property=\"og:locale\" content=\"de_DE\" \/>\n<meta property=\"og:type\" content=\"article\" \/>\n<meta property=\"og:title\" content=\"Holzanatomie - Sachverst\u00e4ndigenb\u00fcro f\u00fcr Baumbiologie\" \/>\n<meta property=\"og:description\" content=\"Baumkontrolleur-Ausbildung im Rhein-Main-Gebiet f\u00fcr Frankfurt, Wiesbaden, Mainz, Rheingau, Taunus\" \/>\n<meta property=\"og:url\" content=\"https:\/\/www.baumbiologie.com\/?page_id=1874\" \/>\n<meta property=\"og:site_name\" content=\"Sachverst\u00e4ndigenb\u00fcro f\u00fcr Baumbiologie\" \/>\n<meta property=\"article:modified_time\" content=\"2025-12-11T13:32:08+00:00\" \/>\n<meta property=\"og:image\" content=\"https:\/\/www.baumbiologie.com\/wp-content\/uploads\/2024\/02\/Bohrkern_Eibe-1.jpg\" \/>\n\t<meta property=\"og:image:width\" content=\"2048\" \/>\n\t<meta property=\"og:image:height\" content=\"1365\" \/>\n\t<meta property=\"og:image:type\" content=\"image\/jpeg\" \/>\n<meta name=\"twitter:card\" content=\"summary_large_image\" \/>\n<meta name=\"twitter:label1\" content=\"Gesch\u00e4tzte Lesezeit\" \/>\n\t<meta name=\"twitter:data1\" content=\"2\u00a0Minuten\" \/>\n<script type=\"application\/ld+json\" class=\"yoast-schema-graph\">{\"@context\":\"https:\\\/\\\/schema.org\",\"@graph\":[{\"@type\":\"WebPage\",\"@id\":\"https:\\\/\\\/www.baumbiologie.com\\\/?page_id=1874\",\"url\":\"https:\\\/\\\/www.baumbiologie.com\\\/?page_id=1874\",\"name\":\"Holzanatomie - Sachverst\u00e4ndigenb\u00fcro f\u00fcr Baumbiologie\",\"isPartOf\":{\"@id\":\"https:\\\/\\\/www.baumbiologie.com\\\/#website\"},\"primaryImageOfPage\":{\"@id\":\"https:\\\/\\\/www.baumbiologie.com\\\/?page_id=1874#primaryimage\"},\"image\":{\"@id\":\"https:\\\/\\\/www.baumbiologie.com\\\/?page_id=1874#primaryimage\"},\"thumbnailUrl\":\"https:\\\/\\\/www.baumbiologie.com\\\/wp-content\\\/uploads\\\/2024\\\/02\\\/Bohrkern_Eibe-1-1024x683.jpg\",\"datePublished\":\"2021-01-08T14:17:38+00:00\",\"dateModified\":\"2025-12-11T13:32:08+00:00\",\"description\":\"Baumkontrolleur-Ausbildung im Rhein-Main-Gebiet f\u00fcr Frankfurt, Wiesbaden, Mainz, Rheingau, Taunus\",\"breadcrumb\":{\"@id\":\"https:\\\/\\\/www.baumbiologie.com\\\/?page_id=1874#breadcrumb\"},\"inLanguage\":\"de\",\"potentialAction\":[{\"@type\":\"ReadAction\",\"target\":[\"https:\\\/\\\/www.baumbiologie.com\\\/?page_id=1874\"]}]},{\"@type\":\"ImageObject\",\"inLanguage\":\"de\",\"@id\":\"https:\\\/\\\/www.baumbiologie.com\\\/?page_id=1874#primaryimage\",\"url\":\"https:\\\/\\\/www.baumbiologie.com\\\/wp-content\\\/uploads\\\/2024\\\/02\\\/Bohrkern_Eibe-1.jpg\",\"contentUrl\":\"https:\\\/\\\/www.baumbiologie.com\\\/wp-content\\\/uploads\\\/2024\\\/02\\\/Bohrkern_Eibe-1.jpg\",\"width\":2048,\"height\":1365},{\"@type\":\"BreadcrumbList\",\"@id\":\"https:\\\/\\\/www.baumbiologie.com\\\/?page_id=1874#breadcrumb\",\"itemListElement\":[{\"@type\":\"ListItem\",\"position\":1,\"name\":\"Startseite\",\"item\":\"https:\\\/\\\/www.baumbiologie.com\\\/\"},{\"@type\":\"ListItem\",\"position\":2,\"name\":\"Holzanatomie\"}]},{\"@type\":\"WebSite\",\"@id\":\"https:\\\/\\\/www.baumbiologie.com\\\/#website\",\"url\":\"https:\\\/\\\/www.baumbiologie.com\\\/\",\"name\":\"Sachverst\u00e4ndigenb\u00fcro f\u00fcr Baumbiologie\",\"description\":\"Baumgutachten - Forschung - Seminare\",\"potentialAction\":[{\"@type\":\"SearchAction\",\"target\":{\"@type\":\"EntryPoint\",\"urlTemplate\":\"https:\\\/\\\/www.baumbiologie.com\\\/?s={search_term_string}\"},\"query-input\":{\"@type\":\"PropertyValueSpecification\",\"valueRequired\":true,\"valueName\":\"search_term_string\"}}],\"inLanguage\":\"de\"}]}<\/script>\n<!-- \/ Yoast SEO plugin. -->","yoast_head_json":{"title":"Holzanatomie - Sachverst\u00e4ndigenb\u00fcro f\u00fcr Baumbiologie","description":"Baumkontrolleur-Ausbildung im Rhein-Main-Gebiet f\u00fcr Frankfurt, Wiesbaden, Mainz, Rheingau, Taunus","robots":{"index":"index","follow":"follow","max-snippet":"max-snippet:-1","max-image-preview":"max-image-preview:large","max-video-preview":"max-video-preview:-1"},"canonical":"https:\/\/www.baumbiologie.com\/?page_id=1874","og_locale":"de_DE","og_type":"article","og_title":"Holzanatomie - Sachverst\u00e4ndigenb\u00fcro f\u00fcr Baumbiologie","og_description":"Baumkontrolleur-Ausbildung im Rhein-Main-Gebiet f\u00fcr Frankfurt, Wiesbaden, Mainz, Rheingau, Taunus","og_url":"https:\/\/www.baumbiologie.com\/?page_id=1874","og_site_name":"Sachverst\u00e4ndigenb\u00fcro f\u00fcr Baumbiologie","article_modified_time":"2025-12-11T13:32:08+00:00","og_image":[{"width":2048,"height":1365,"url":"https:\/\/www.baumbiologie.com\/wp-content\/uploads\/2024\/02\/Bohrkern_Eibe-1.jpg","type":"image\/jpeg"}],"twitter_card":"summary_large_image","twitter_misc":{"Gesch\u00e4tzte Lesezeit":"2\u00a0Minuten"},"schema":{"@context":"https:\/\/schema.org","@graph":[{"@type":"WebPage","@id":"https:\/\/www.baumbiologie.com\/?page_id=1874","url":"https:\/\/www.baumbiologie.com\/?page_id=1874","name":"Holzanatomie - Sachverst\u00e4ndigenb\u00fcro f\u00fcr Baumbiologie","isPartOf":{"@id":"https:\/\/www.baumbiologie.com\/#website"},"primaryImageOfPage":{"@id":"https:\/\/www.baumbiologie.com\/?page_id=1874#primaryimage"},"image":{"@id":"https:\/\/www.baumbiologie.com\/?page_id=1874#primaryimage"},"thumbnailUrl":"https:\/\/www.baumbiologie.com\/wp-content\/uploads\/2024\/02\/Bohrkern_Eibe-1-1024x683.jpg","datePublished":"2021-01-08T14:17:38+00:00","dateModified":"2025-12-11T13:32:08+00:00","description":"Baumkontrolleur-Ausbildung im Rhein-Main-Gebiet f\u00fcr Frankfurt, Wiesbaden, Mainz, Rheingau, Taunus","breadcrumb":{"@id":"https:\/\/www.baumbiologie.com\/?page_id=1874#breadcrumb"},"inLanguage":"de","potentialAction":[{"@type":"ReadAction","target":["https:\/\/www.baumbiologie.com\/?page_id=1874"]}]},{"@type":"ImageObject","inLanguage":"de","@id":"https:\/\/www.baumbiologie.com\/?page_id=1874#primaryimage","url":"https:\/\/www.baumbiologie.com\/wp-content\/uploads\/2024\/02\/Bohrkern_Eibe-1.jpg","contentUrl":"https:\/\/www.baumbiologie.com\/wp-content\/uploads\/2024\/02\/Bohrkern_Eibe-1.jpg","width":2048,"height":1365},{"@type":"BreadcrumbList","@id":"https:\/\/www.baumbiologie.com\/?page_id=1874#breadcrumb","itemListElement":[{"@type":"ListItem","position":1,"name":"Startseite","item":"https:\/\/www.baumbiologie.com\/"},{"@type":"ListItem","position":2,"name":"Holzanatomie"}]},{"@type":"WebSite","@id":"https:\/\/www.baumbiologie.com\/#website","url":"https:\/\/www.baumbiologie.com\/","name":"Sachverst\u00e4ndigenb\u00fcro f\u00fcr Baumbiologie","description":"Baumgutachten - Forschung - Seminare","potentialAction":[{"@type":"SearchAction","target":{"@type":"EntryPoint","urlTemplate":"https:\/\/www.baumbiologie.com\/?s={search_term_string}"},"query-input":{"@type":"PropertyValueSpecification","valueRequired":true,"valueName":"search_term_string"}}],"inLanguage":"de"}]}},"_links":{"self":[{"href":"https:\/\/www.baumbiologie.com\/index.php?rest_route=\/wp\/v2\/pages\/1874","targetHints":{"allow":["GET"]}}],"collection":[{"href":"https:\/\/www.baumbiologie.com\/index.php?rest_route=\/wp\/v2\/pages"}],"about":[{"href":"https:\/\/www.baumbiologie.com\/index.php?rest_route=\/wp\/v2\/types\/page"}],"author":[{"embeddable":true,"href":"https:\/\/www.baumbiologie.com\/index.php?rest_route=\/wp\/v2\/users\/1"}],"replies":[{"embeddable":true,"href":"https:\/\/www.baumbiologie.com\/index.php?rest_route=%2Fwp%2Fv2%2Fcomments&post=1874"}],"version-history":[{"count":23,"href":"https:\/\/www.baumbiologie.com\/index.php?rest_route=\/wp\/v2\/pages\/1874\/revisions"}],"predecessor-version":[{"id":3262,"href":"https:\/\/www.baumbiologie.com\/index.php?rest_route=\/wp\/v2\/pages\/1874\/revisions\/3262"}],"wp:attachment":[{"href":"https:\/\/www.baumbiologie.com\/index.php?rest_route=%2Fwp%2Fv2%2Fmedia&parent=1874"}],"curies":[{"name":"wp","href":"https:\/\/api.w.org\/{rel}","templated":true}]}}